1110101111000101
In base 4, what is -131313 + 112?
-131201
In base 15, what is 1 - -188e?
1890
In base 16, what is 7577 - e?
7569
In base 3, what is -21 - -2200022?
2200001
In base 2, what is -1000110100111 - -11111?
-1000110001000
In base 16, what is 1 - 328c?
-328b
In base 5, what is 4 - -3221342?
3221401
In base 3, what is 0 + -212002?
-212002
In base 8, what is 4 - -242775?
243001
In base 12, what is 14 - 4370?
-4358
In base 15, what is a540 - 1?
a53e
In base 15, what is -111 + -8233?
-8344
In base 6, what is 403514 + 10?
403524
In base 10, what is -573 + -638?
-1211
In base 8, what is 6 + 2313?
2321
In base 8, what is 2163 + -143?
2020
In base 6, what is 1 - 1115024?
-1115023
In base 4, what is 130 + 2230?
3020
In base 12, what is -5 + 2a3246?
2a3241
In base 4, what is -22011312 - 1?
-22011313
In base 12, what is 1 + -1302b2?
-1302b1
In base 14, what is -1a - 3b84?
-3ba0
In base 16, what is 3 + 25e?
261
In base 9, what is -4 - -41003?
40888
In base 13, what is -14c72 + -3?
-14c75
In base 16, what is 2663 - 5?
265e
In base 7, what is 2543 - 56?
2454
In base 11, what is -34719 - -5?
-34714
In base 9, what is -6247217 - 0?
-6247217
In base 11, what is 37564 + -4?
37560
In base 5, what is 404 - 4000?
-3041
In base 3, what is 122101 - -210?
200011
In base 4, what is 1020 + -1001023?
-1000003
In base 8, what is 7 - -14343?
14352
In base 14, what is -85c22 - -1?
-85c21
In base 4, what is -1 + 1322321?
1322320
In base 2, what is 10000 - -11100000010?
11100010010
In base 15, what is 60 - -1a23?
1a83
In base 11, what is -3a9a29 - 5?
-3a9a33
In base 3, what is -20 + 1111010002?
1111002212
In base 11, what is 285 + -35?
250
In base 12, what is -3 - -16a005?
16a002
In base 6, what is -111 + -14511?
-15022
In base 3, what is -1002221 + -1001?
-1010222
In base 14, what is -5 - -2b92?
2b8b
In base 3, what is -211200 - 101?
-212001
In base 3, what is -210002 + 10012?
-122220
In base 10, what is -18901 + 4?
-18897
In base 2, what is -1101 + -10111110111?
-11000000100
In base 12, what is -140488 - -1?
-140487
In base 14, what is -21d + -2036?
-2255
In base 9, what is 4 + -2520836?
-2520832
In base 4, what is 110303311 + -222?
110303023
In base 16, what is 2 + 6edf?
6ee1
In base 11, what is -3 + 81571?
81569
In base 2, what is -10001010011110 - -100?
-10001010011010
In base 12, what is -3 + 4976?
4973
In base 10, what is 8 - 2336?
-2328
In base 6, what is 0 - 1100123?
-1100123
In base 9, what is -12 + -201274?
-201286
In base 14, what is -16b6d5 + -4?
-16b6d9
In base 4, what is -21 - 2112333?
-2113020
In base 12, what is 57 - 68?
-11
In base 14, what is 4c - -32?
80
In base 15, what is -4 + -3e031?
-3e035
In base 13, what is 76 + -259a?
-2524
In base 14, what is -3b0 + -6a?
-43a
In base 11, what is -2 + 37490?
37489
In base 2, what is 111100001011 - -11100?
111100100111
In base 16, what is -29e2ec + -5?
-29e2f1
In base 5, what is -10020302 + 13?
-10020234
In base 11, what is -3693 + a8?
-3596
In base 16, what is -31d6 - -8?
-31ce
In base 7, what is 12 + -303431?
-303416
In base 5, what is -1100244 + 312?
-1044432
In base 16, what is -6 + -b0?
-b6
In base 15, what is 2 + -d141c?
-d141a
In base 10, what is -115882 + 5?
-115877
In base 5, what is -1001001241 - 0?
-1001001241
In base 12, what is -598 - -7a3?
207
In base 12, what is -2a062 - 15?
-2a077
In base 6, what is -42153 + -5?
-42202
In base 12, what is 248 - -348?
594
In base 4, what is 3222 - 1122321?
-1113033
In base 15, what is 18 + -21d6?
-21bd
In base 10, what is -1080 + -37?
-1117
In base 15, what is beb7 - -8?
bec0
In base 12, what is 4549 + a?
4557
In base 14, what is -3d24 - -15?
-3d0d
In base 5, what is 3 - -222344?
222402
In base 13, what is 73 - 212?
-16c
In base 3, what is 2000 + 210022002?
210101002
In base 2, what is -1001011011000000010 - 0?
-1001011011000000010
In base 11, what is 21140 - 3?
21138
In base 11, what is 911 + 0?
911
In base 14, what is 4 + 360720?
360724
In base 15, what is 46 - -5a7b?
5ac2
In base 4, what is 13123020 + 0?
13123020
In base 9, what is 38 + -54515?
-54466
In base 16, what is b83 + -78?
b0b
In base 7, what is -32 - 264334?
-264366
In base 11, what is 193 - 53?
140
In base 7, what is -6224535 + 4?
-6224531
In base 10, what is 1405163 - -5?
1405168
In base 6, what is 5352044 + -1?
5352043
In base 10, what is 1 - 71068?
-71067
In base 7, what is -322265 + 5?
-322260
In base 9, what is 271264 + -3?
271261
In base 15, what is -1d39 + 5?
-1d34
In base 12, what is 39a2 - -48?
3a2a
In base 10, what is 8 - 426?
-418
In base 5, what is -1 + -10123332?
-10123333
In base 9, what is -4 - -2428?
2424
In base 6, what is -2 - -1005425?
1005423
In base 6, what is -3 + -203333?
-203340
In base 2, what is 11000111001000 - -101?
11000111001101
In base 11, what is 131 - 11753?
-11622
In base 11, what is -10 + -1145?
-1155
In base 4, what is 211101 - 23212?
121223
In base 5, what is 3 + 200303?
200311
In base 5, what is 44302 - -340?
100142
In base 4, what is 2312313032 + -3?
2312313023
In base 10, what is -4 + -720562?
-720566
In base 3, what is 2 + -10201210?
-10201201
In base 3, what is 0 - 20221000012?
-20221000012
In base 15, what is a + -2540?
-2535
In base 10, what is -9 - 3816?
-3825
In base 13, what is -186a + -2?
-186c
In base 7, what is 4050 + -2?
4045
In base 11, what is 4 - 2a889?
-2a885
In base 10, what is -1439541 + 0?
-1439541
In base 2, what is -1111010000 - -11001?
-1110110111
In base 3, what is -11011211000 - 22?
-11011211022
In base 13, what is -28175 - -5?
-28170
In base 7, what is 3355 - -151?
3536
In base 12, what is 3619a7 - 5?
3619a2
In base 10, what is 1893 - 161?
1732
In base 6, what is -152 + -321535?
-322131
In base 7, what is -1210 - -5024?
3514
In base 6, what is 33 - -52403?
52440
In base 14, what is 2 + 5dc?
600
In base 2, what is -1000010 + -11001111110?
-11011000000
In base 12, what is 1077 + -1a?
1059
In base 11, what is -41 + 739?
6a8
In base 8, what is -467 - -167?
-300
In base 2, what is -10010001000101 + 10110?
-10010000101111
In base 9, what is 2 + 81537?
81540
In base 12, what is 38 - b19?
-aa1
In base 7, what is 423 - 2411?
-1655
In base 6, what is -101 + 23235?
23134
In base 14, what is -5 - c2da?
-c301
In base 12, what is 0 - 85718?
-85718
In base 15, what is 2 + -2936?
-2934
In base 13, what is -a26b4 - -8?
-a26a9
In base 3, what is 2 - 10021100001?
-10021022222
In base 4, what is -10 - -1011323131?
1011323121
In base 8, what is -23 - -250400?
250355
In base 6, what is 211 + -2522?
-2311
In base 11, what is 58954 - -4?
58958
In base 6, what is -10 + 33331313?
33331303
In base 7, what is -204 - -21135?
20631
In base 16, what is -109e + -25?
-10c3
In base 5, what is -20213 + 2343?
-12320
In base 8, what is -3 - -554062?
554057
In base 2, what is 10100111 + -110011000010?
-110000011011
In base 16, what is -bb1af + 5?
-bb1aa
In base 16, what is -9 + -15f3?
-15fc
In base 6, what is -425515 + -240?
-430155
In base 15, what is -4 + -2523?
-2527
In base 5, what is 12 + -1430021?
-1430004
In base 4, what is -20130 - 21003?
-101133
In base 14, what is -60c - -d50?
742
In base 15, what is 5 + 124ca?
124d0
In base 5, what is -21211 - 10023?
-31234
In base 9, what is -87 - 65085?
-65183
In base 10, what is 59461 - -3?
59464
In base 3, what is 2221 + 21112?
101110
In base 16, what is -3 + -53c8?
-53cb
In base 10, what is 609 + -214?
395
In base 8, what is -1243704 - 0?
-1243704
In base 7, what is 4 - 123261?
-123254
In base 8, what is -2504262 + -2?
-2504264
In base 12, what is 8 - 6554?
-6548
In base 10, what is 108572 + 8?
108580
In base 6, what is 33352 + -5?
33343
In base 15, what is -556 - 79?
-5d0
In base 7, what is 154 - 1312?
-1125
In base 4, what is -123 + 210211?
210022
In base 3, what is 10000010000001 - 1?
10000010000000
In base 4, what is -102 + -1013211?
-1013313
In base 4, what is -10121 + 1032123?
1022002
In base 14, what is 2b4 - a84?
-7b0
In base 11, what is -17 + -36a?
-386
In base 7, what is -50623 - 43?
-50666
In base 8, what is 4 + 6062?
6066
In base 10, what is 3 - -1475892?
1475895
In base 10, what is -12 - 8306?
-8318
In base 6, what is -13 - -3032441?
3032424
In base 15, what is -10d6d - 9?
-10d77
In base 3, what is -21000200 - 2221?
-21010121
In base 9, what is 1 - -654765?
654766
In base 9, what is 136 + -444?
-307
In 